ple of 95?
True
Is 305936973 a multiple of 12?
False
Does 342 divide 79155900?
True
Is 6 a factor of 1002249?
False
Is 805 a factor of 22920507?
False
Is 18250492 a multiple of 26?
True
Is 25116113 a multiple of 859?
False
Is 67864046 a multiple of 274?
True
Does 1680 divide 1500033547?
False
Does 2361 divide 69082338?
False
Does 4 divide 813029588?
True
Is 36904027 a multiple of 1549?
False
Is 10 a factor of 7906925?
False
Does 1684 divide 129986276?
True
Is 25 a factor of 331324322?
False
Is 11339732 a multiple of 2?
True
Does 44 divide 108223099?
False
Is 187 a factor of 1259100496?
False
Does 1460 divide 6547075080?
True
Is 702952152 a multiple of 21?
True
Is 2730 a factor of 77455560?
True
Is 670550124 a multiple of 218?
True
Is 90154756 a multiple of 3026?
False
Does 7 divide 156017836?
False
Is 1353166093 a multiple of 133?
False
Is 153436968 a multiple of 3417?
True
Does 5 divide 4120798?
False
Is 3 a factor of 31509669?
True
Is 204864967 a multiple of 1118?
False
Is 1684205 a multiple of 2?
False
Is 13852540 a multiple of 118?
False
Does 88 divide 290763088?
True
Is 245672400 a multiple of 12?
True
Is 1023 a factor of 6497073?
True
Is 1120 a factor of 3028129440?
True
Does 847 divide 10978368?
False
Is 4 a factor of 9324280?
True
Is 7666 a factor of 2904129793?
False
Is 118 a factor of 28790887?
False
Is 236533536 a multiple of 18?
True
Does 590 divide 762220330?
False
Is 35 a factor of 604134192?
False
Does 36 divide 627918738?
False
Does 1152 divide 38720512?
False
Is 6852 a factor of 5304611496?
False
Is 7363 a factor of 812411331?
True
Does 137 divide 703429103?
True
Is 9180255 a multiple of 37?
True
Is 3468 a factor of 164182056?
True
Does 24 divide 18765858?
False
Is 81 a factor of 103787001?
True
Is 146 a factor of 443720864?
True
Is 269422552 a multiple of 24?
False
Is 122766812 a multiple of 52?
False
Is 35904360 a multiple of 1382?
True
Is 1600125325 a multiple of 73?
True
Is 432745582 a multiple of 450?
False
Is 255305632 a multiple of 2448?
False
Is 11 a factor of 6397952?
True
Does 126 divide 281493868?
False
Does 147 divide 2749827070?
False
Does 7 divide 43082767?
True
Is 6759 a factor of 2277424773?
True
Does 1553 divide 1151979681?
True
Is 16 a factor of 1048991473?
False
Is 110 a factor of 879727359?
False
Is 35 a factor of 1874506655?
True
Does 544 divide 5978098?
False
Is 1182170672 a multiple of 102?
False
Is 4445057358 a multiple of 3642?
True
Is 14 a factor of 134998166?
False
Is 35624872 a multiple of 47?
True
Is 268287516 a multiple of 28?
True
Does 15 divide 137216340?
True
Does 138 divide 34736531?
False
Is 45 a factor of 399354975?
True
Is 1282916637 a multiple of 1024?
False
Does 381 divide 1158395725?
False
Is 118 a factor of 6837156?
True
Is 55573928 a multiple of 188?
True
Is 71 a factor of 165415876?
False
Does 976 divide 22659792?
True
Is 127598019 a multiple of 12?
False
Is 112 a factor of 14501400?
False
Does 160 divide 30789420?
False
Is 2422845704 a multiple of 39?
False
Is 56667900 a multiple of 10?
True
Is 2 a factor of 46969919?
False
Is 524016315 a multiple of 45?
True
Does 23 divide 15008871?
False
Is 40 a factor of 32495960?
True
Is 49 a factor of 59082110?
False
Is 10 a factor of 504483601?
False
Does 100 divide 46129650?
False
Does 1216 divide 63887143?
False
Is 138155634 a multiple of 142?
True
Does 153 divide 27407080?
False
Is 561 a factor of 68190111?
True
Is 7831707 a multiple of 4?
False
Does 106 divide 18307513?
False
Is 16371360 a multiple of 5?
True
Is 628 a factor of 191190204?
True
Is 4359 a factor of 1101875023?
False
Is 11 a factor of 278125188?
True
Does 20 divide 899805741?
False
Is 450397999 a multiple of 1423?
True
Is 178809124 a multiple of 52?
True
Does 240 divide 1078998720?
True
Does 2981 divide 1878047886?
True
Is 40 a factor of 58045600?
True
Does 3860 divide 32515926?
False
Does 17 divide 4091173165?
True
Does 265 divide 10217214?
False
Is 73299171 a multiple of 643?
False
Does 22 divide 16700706?
True
Does 442 divide 1789070943?
False
Does 4 divide 4830664?
True
Is 249037895 a multiple of 250?
False
Does 2049 divide 63596862?
True
Does 48 divide 137171740?
False
Is 134 a factor of 488044214?
True
Is 546687480 a multiple of 821?
True
Is 2484 a factor of 148696416?
False
Does 4 divide 629856?
True
Is 11259289 a multiple of 2?
False
Is 6 a factor of 578281460?
False
Is 1962985293 a multiple of 5347?
True
Is 31355030 a multiple of 4?
False
Does 5669 divide 306120331?
True
Is 17 a factor of 39451611?
True
Does 62 divide 15847732?
False
Is 74919106 a multiple of 974?
True
Is 14 a factor of 1850511457?
False
Does 164 divide 110069912?
True
Is 94101768 a multiple of 4824?
True
Does 127 divide 22774148?
True
Is 2236 a factor of 8812076?
True
Does 3678 divide 5442667620?
True
Is 130 a factor of 33210914?
False
Is 93876897 a multiple of 31?
True
Is 211238140 a multiple of 10?
True
Does 117 divide 4858496116?
False
Does 2 divide 1510920?
True
Does 47 divide 38701022?
True
Is 29179836 a multiple of 75?
False
Does 64 divide 410417582?
False
Is 6 a factor of 2306097159?
False
Is 1301 a factor of 24493927?
True
Is 174619677 a multiple of 3478?
False
Does 5 divide 3994232?
False
Is 13556555 a multiple of 52?
False
Does 133 divide 54260328?
False
Is 244 a factor of 3365710136?
True
Is 20 a factor of 24781897?
False
Does 18 divide 6162829?
False
Is 104 a factor of 44268658?
False
Is 373 a factor of 1558746485?
True
Is 41 a factor of 404436659?
False
Does 4 divide 823017308?
True
Is 215254971 a multiple of 2679?
True
Does 53 divide 530198208?
False
Is 28 a factor of 1261914?
False
Is 212806737 a multiple of 143?
True
Is 492 a factor of 85948464?
True
Does 468 divide 1081411622?
False
Does 22 divide 594549223?
False
Is 2253736216 a multiple of 328?
True
Does 16 divide 175676688?
True
Does 377 divide 29673670?
True
Is 1493 a factor of 45185645?
True
Does 184 divide 70548912?
True
Is 523 a factor of 2034188795?
False
Is 1143 a factor of 54174834?
False
Is 4068990 a multiple of 87?
True
Is 635779 a multiple of 2?
False
Does 297 divide 3191627934?
True
Does 77 divide 265842577?
True
Is 903 a factor of 679167069?
True
Is 49679419 a multiple of 1531?
True
Is 735 a factor of 39564334?
False
Does 164 divide 256315499?
False
Is 652612992 a multiple of 186?
True
Does 615 divide 188705205?
False
Does 9 divide 34238487?
False
Does 888 divide 3077573?
False
Is 27081743 a multiple of 13?
True
Does 619 divide 16461067?
True
Is 3617 a factor of 399371055?
True
Does 1650 divide 2688599640?
False
Is 17 a factor of 192064138?
False
Is 183501240 a multiple of 755?
True
Does 300 divide 479191500?
True
Is 14 a factor of 1717367?
False
Is 13 a factor of 131101113?
True
Is 528 a factor of 11725824?
True
Is 6 a factor of 5054190?
True
Does 2 divide 5244237?
False
Is 477 a factor of 650989293?
False
Does 4 divide 872408?
True
Is 1213 a factor of 8835492?
True
Does 56 divide 4429169528?
True
Is 362 a factor of 27572253?
False
Is 91592490 a multiple of 3205?
True
Is 400685980 a multiple of 123?
False
Is 1086052752 a multiple of 918?
True
Is 4133 a factor of 846620252?
True
Does 1769 divide 227568050?
False
Is 1492317776 a multiple of 4264?
False
Does 346 divide 3921010756?
False
Is 2247114 even?
True
Is 18683210 a multiple of 245?
True
Does 18 divide 8234730?
True
Is 144949283 a multiple of 2725?
False
Is 42375168 a multiple of 72?
True
Does 18 divide 2191486277?
False
Does 2211 divide 332401740?
True
Does 19 divide 5160951?
True
Does 3938 divide 76932768?
True
Is 119662560 a multiple of 45?
True
Is 262 a factor of 26364386?
False
Is 110 a factor of 72566450?
True
Is 2257711768 a multiple of 9347?
True
Is 19265172 a multiple of 39?
False
Is 78693645 a multiple of 409?
True
Is 343092288 a multiple of 494?
False
Does 264 divide 941702256?
True
Does 382 divide 13308665?
False
Does 136 divide 951516721?
False
Is 3 a factor of 25651388?
False
Does 96 divide 70952160?
True
Is 322 a factor of 31573667?
False
Is 43 a factor of 1814445501?
True
Is 3016 a factor of 18536336?
True
Is 5226478 a multiple of 7?
False
Is 106 a factor of 1704736?
False
Does 81 divide 929937267?
True
Is 131826365 a multiple of 8?
False
Does 41 divide 34979559?
False
Does 165 divide 15510165?
True
Does 5018 divide 511802075?
False
Is 19752336